ts digit of 744112650?
0
What is the hundred thousands digit of 273412676?
4
What is the units digit of 475770166?
6
What is the hundred thousands digit of 18379759?
3
What is the hundreds digit of 1658626379?
3
What is the hundreds digit of 47698331?
3
What is the millions digit of 398418522?
8
What is the units digit of 50997634?
4
What is the ten millions digit of 59074681?
5
What is the ten thousands digit of 52708868?
0
What is the ten millions digit of 41480298?
4
What is the thousands digit of 89477528?
7
What is the ten thousands digit of 28740622?
4
What is the ten thousands digit of 399961143?
6
What is the millions digit of 22330798?
2
What is the units digit of 30312875?
5
What is the units digit of 438512480?
0
What is the ten thousands digit of 113140?
1
What is the hundred millions digit of 795507518?
7
What is the ten thousands digit of 26008884?
0
What is the hundreds digit of 3587754902?
9
What is the units digit of 28653276?
6
What is the ten millions digit of 42475166?
4
What is the ten millions digit of 46784437?
4
What is the thousands digit of 240336503?
6
What is the hundred thousands digit of 23811948?
8
What is the ten millions digit of 2172490032?
7
What is the millions digit of 38916265?
8
What is the hundred thousands digit of 106426466?
4
What is the ten thousands digit of 99088659?
8
What is the thousands digit of 16705086?
5
What is the ten millions digit of 603319298?
0
What is the ten millions digit of 1576744503?
7
What is the millions digit of 79031460?
9
What is the hundred thousands digit of 292188993?
1
What is the hundred millions digit of 635687824?
6
What is the thousands digit of 145604513?
4
What is the thousands digit of 27339961?
9
What is the hundreds digit of 26475501?
5
What is the units digit of 757898842?
2
What is the ten millions digit of 133295837?
3
What is the thousands digit of 4536833898?
3
What is the billions digit of 1621100316?
1
What is the ten millions digit of 1589375149?
8
What is the millions digit of 40257817?
0
What is the hundred thousands digit of 37205833?
2
What is the units digit of 63416767?
7
What is the tens digit of 476987560?
6
What is the thousands digit of 513506928?
6
What is the tens digit of 1110814618?
1
What is the hundreds digit of 681029328?
3
What is the hundred thousands digit of 6070561?
0
What is the ten thousands digit of 120464047?
6
What is the thousands digit of 882411471?
1
What is the ten thousands digit of 239028566?
2
What is the ten thousands digit of 4299565320?
6
What is the tens digit of 165664402?
0
What is the thousands digit of 9699962?
9
What is the tens digit of 1562272905?
0
What is the tens digit of 410996051?
5
What is the ten thousands digit of 73467423?
6
What is the ten millions digit of 3318701637?
1
What is the ten thousands digit of 311575425?
7
What is the units digit of 113966347?
7
What is the ten thousands digit of 79861683?
6
What is the hundreds digit of 84274460?
4
What is the ten thousands digit of 786926880?
2
What is the millions digit of 76873962?
6
What is the tens digit of 21111652?
5
What is the billions digit of 2267376443?
2
What is the millions digit of 192968628?
2
What is the thousands digit of 880576195?
6
What is the ten millions digit of 4668621308?
6
What is the units digit of 3343716324?
4
What is the hundred millions digit of 835749081?
8
What is the hundreds digit of 19085727?
7
What is the units digit of 19246492?
2
What is the tens digit of 16181703?
0
What is the millions digit of 2595187670?
5
What is the hundred thousands digit of 34149387?
1
What is the ten millions digit of 47945020?
4
What is the ten millions digit of 2030656737?
3
What is the thousands digit of 9923018?
3
What is the thousands digit of 174259268?
9
What is the hundreds digit of 30567652?
6
What is the units digit of 39661018?
8
What is the ten thousands digit of 20071577?
7
What is the ten thousands digit of 79990636?
9
What is the millions digit of 2930420183?
0
What is the thousands digit of 3339469649?
9
What is the hundreds digit of 40901838?
8
What is the hundreds digit of 211484362?
3
What is the tens digit of 98451060?
6
What is the hundred millions digit of 767184426?
7
What is the millions digit of 115390248?
5
What is the ten millions digit of 1477514809?
7
What is the ten thousands digit of 2732108757?
0
What is the hundred thousands digit of 92637549?
6
What is the ten millions digit of 6749091510?
4
What is the hundred millions digit of 3802392126?
8
What is the units digit of 196916391?
1
What is the millions digit of 367913232?
7
What is the millions digit of 13945481?
3
What is the units digit of 88718243?
3
What is the millions digit of 870680008?
0
What is the hundred thousands digit of 163151998?
1
What is the millions digit of 123044007?
3
What is the units digit of 2525938823?
3
What is the hundreds digit of 470926860?
8
What is the tens digit of 164450788?
8
What is the units digit of 93702167?
7
What is the units digit of 73603167?
7
What is the tens digit of 973266461?
6
What is the hundreds digit of 26601593?
5
What is the ten thousands digit of 53921472?
2
What is the thousands digit of 89364669?
4
What is the units digit of 55431029?
9
What is the ten thousands digit of 313582220?
8
What is the ten thousands digit of 441943887?
4
What is the tens digit of 3548646097?
9
What is the units digit of 69974285?
5
What is the millions digit of 3657848160?
7
What is the thousands digit of 145513234?
3
What is the ten millions digit of 37638473?
3
What is the ten thousands digit of 2134875421?
7
What is the ten millions digit of 144525845?
4
What is the hundred thousands digit of 29075156?
0
What is the hundred millions digit of 158893622?
1
What is the hundred millions digit of 559508007?
5
What is the millions digit of 6964010013?
4
What is the tens digit of 1890604954?
5
What is the units digit of 45355140?
0
What is the thousands digit of 562246212?
6
What is the hundred thousands digit of 603990107?
9
What is the ten millions digit of 82404015?
8
What is the ten thousands digit of 90214605?
1
What is the hundred millions digit of 230062354?
2
What is the hundreds digit of 45284820?
8
What is the units digit of 14569586?
6
What is the millions digit of 483787170?
3
What is the units digit of 1483632889?
9
What is the millions digit of 74096119?
4
What is the ten thousands digit of 26215016?
1
What is the thousands digit of 17866951?
6
What is the ten thousands digit of 4069785?
6
What is the hundred thousands digit of 548369905?
3
What is the ten thousands digit of 282341379?
4
What is the thousands digit of 1618320776?
0
What is the ten thousands digit of 40074543?
7
What is the thousands digit of 171235118?
5
What is the thousands digit of 77319152?
9
What is the millions digit of 43447384?
3
What is the hundred millions digit of 160739964?
1
What is the ten thousands digit of 305372707?
7
What is the millions digit of 553600093?
3
What is the hundreds digit of 27835842?
8
What is the tens digit of 208693157?
5
What is the hundred thousands digit of 803327?
8
What is the hundreds digit of 6467502750?
7
What is the thousands digit of 118227137?
7
What is the ten millions digit of 299201736?
9
What is the millions digit of 102329032?
2
What is the thousands digit of 224849547?
9
What is the ten thousands digit of 35642405?
4
What is the thousands digit of 469188533?
8
What is the thousands digit of 42786593?
6
What is the units digit of 58598214?
4
What is the thousands digit of 44201490?
1
What is the millions digit of 1733419542?
3
What is the ten millions digit of 53971726?
5
What is the hundred thousands digit of 1581057335?
0
What is the ten thousands digit of 88471517?
7
What is the hundred thousands digit of 177435911?
4
What is the tens digit of 1622511808?
0
What is the tens digit of 97846678?
7
What is the hundred thousands digit of 3625455333?
4
What is the tens digit of 325024928?
2
What is the hundreds digit of 43128792?
7
What is the hundred millions digit of 625504861?
6
What is the thousands digit of 516811786?
1
What is the hundreds digit of 1403788572?
5
What is the hundred millions digit of 2821474454?
8
What is the hundred millions digit of 1549798781?
5
What is the hundreds digit